 - 10*d**2 - 12*d + 5. What is g(11)?
-6
Let m(a) = -12*a - 106. Give m(-9).
2
Let a(l) = -l**2 - 15*l - 33. Determine a(-12).
3
Let f(p) = -p + 17. What is f(13)?
4
Let u(r) = r**3 - 33*r**2 + 63*r - 20. Give u(31).
11
Let x(w) = 8*w**3 + w**2. Calculate x(1).
9
Let z(q) = 5*q**2 - 4*q - 3. What is z(-1)?
6
Let u(s) = s**3 + 3*s**2 - 2*s - 3. Determine u(-3).
3
Let a(d) = d**2 + 8*d - 6. Determine a(-7).
-13
Let p(n) = 4*n**2 - 5*n - 18. What is p(5)?
57
Let o(h) = -h**3 - 6*h**2 - 7*h - 4. Give o(-6).
38
Let o(w) = -3*w + 42. What is o(15)?
-3
Let j(a) = a**3 + 7*a**2 - 8*a - 10. Determine j(-8).
-10
Let i(f) = -f**3 - 3*f**2 + 18*f + 11. Calculate i(-5).
-29
Let h(w) = 6*w - 10. Determine h(6).
26
Let z(r) = r**2 - 18*r - 4. What is z(16)?
-36
Let r(z) = -z**3 + 8*z**2 - 7*z - 1. Calculate r(7).
-1
Let u(z) = z**2 + 6*z + 3. Give u(-6).
3
Let v(z) = -z**2 - 12*z - 7. Determine v(-9).
20
Let t(p) = -p**2 - 5*p + 8. Give t(-5).
8
Let k(p) = -p**3 - 6*p**2 + 10*p + 13. Calculate k(-6).
-47
Let f(t) = 2*t**2 - 60*t + 3. What is f(30)?
3
Let p(u) = -u**2 + 9*u. Determine p(7).
14
Let s(q) = 3*q**2 - 61*q + 1. Give s(20).
-19
Let n(g) = g**2 - 2*g - 9. Determine n(0).
-9
Let t(v) = v**2 + 2*v - 18. What is t(0)?
-18
Let x(v) = 32*v + 1. What is x(-4)?
-127
Let a(h) = h**3 - 3*h + 3. Give a(2).
5
Let d(o) = 5*o + 13. Determine d(-13).
-52
Let f(i) = 77*i - 80. Calculate f(1).
-3
Let n(y) = -y**2 + 5*y - 2. Calculate n(2).
4
Let k(m) = 5*m**3 + m**2 + m + 1. Give k(-1).
-4
Let u(g) = g**3 - g**2 + 13*g - 2. What is u(0)?
-2
Let g(h) = -h**2 + 22*h - 22. Calculate g(20).
18
Let w(x) = x**2 - 7. Determine w(0).
-7
Let v(f) = -f**3 + 1. Give v(-2).
9
Let q(w) = -w**2 + 26*w + 2. Give q(0).
2
Let k(n) = -75*n + 133. Determine k(2).
-17
Let i(p) = 36*p + 2051. Determine i(-57).
-1
Let n(f) = -2*f + 21. Determine n(-10).
41
Let g(c) = -2*c**2 + 49*c - 23. Calculate g(25).
-48
Let o(i) = -i**2 + 20*i - 63. Calculate o(16).
1
Let g(i) = -i**3 + 12*i**2 + 3*i + 13. Give g(12).
49
Let b(s) = s**3 + 14*s**2 + 4*s - 52. Give b(-13).
65
Let d(t) = -8*t**2 + 33*t - 18. Give d(3).
9
Let l(a) = -a**3 + 2*a**2 - a - 4. Determine l(3).
-16
Let l(a) = -a**3 - 5*a**2 + 4*a - 3. Calculate l(-6).
9
Let k(c) = c**2 + 6*c - 8. What is k(-8)?
8
Let r(m) = -18*m + 1109. Determine r(61).
11
Let o(s) = -s**2 + 8*s + 34. Calculate o(12).
-14
Let q(y) = -3*y + 41. What is q(11)?
8
Let u(c) = 9*c + 1. Give u(-2).
-17
Let k(j) = j**3 - 14*j**2 + 2*j - 14. What is k(14)?
14
Let f(c) = c**3 + 19*c**2 - 13*c + 141. What is f(-20)?
1
Let c(k) = -k**3 - 24*k**2 - 110*k + 3. Determine c(-6).
15
Let r(j) = -5*j - 16. Calculate r(2).
-26
Let n(a) = -a**3 - 4*a**2 + 3*a - 9. What is n(-6)?
45
Let w(y) = -4*y**2 + 4*y. What is w(3)?
-24
Let s(o) = 2*o**2 + 2*o. Determine s(-3).
12
Let s(m) = 3*m**2 + 113*m - 130. Calculate s(-39).
26
Let k(r) = 2*r**3 + 23*r**2 + 6*r - 21. Give k(-11).
34
Let x(v) = v**2 - 30*v + 169. What is x(22)?
-7
Let h(c) = c**2 + 13*c - 4. Determine h(-14).
10
Let i(g) = -3*g**3 - 13*g**2 - 2*g + 5. Calculate i(-5).
65
Let k(l) = -l**3 + 4*l**2 + 4*l - 18. Give k(4).
-2
Let c(o) = o**2 - 25*o + 50. What is c(23)?
4
Let d(q) = 4*q**3 + 6*q + 4. What is d(-1)?
-6
Let m(p) = p**2 + 9*p + 8. Give m(-8).
0
Let n(m) = m**3 + 8*m**2 + 5*m - 40. Give n(-6).
2
Let y(a) = 4*a + 25. Calculate y(7).
53
Let r(v) = v**3 - 10*v**2 + 8*v + 8. What is r(9)?
-1
Let r(u) = 2*u**2 - 32*u - 95. What is r(19)?
19
Let t(p) = p**2 + 8*p - 56. Calculate t(6).
28
Let u(d) = d**2 - 7*d - 27. Determine u(-4).
17
Let v(r) = -r + 15. What is v(-7)?
22
Let j(y) = 3*y + 9. Determine j(7).
30
Let s(p) = -p**2 + 9*p - 20. Calculate s(2).
-6
Let t(f) = -6*f - 2. Give t(4).
-26
Let j(k) = 2*k + 20. Give j(-6).
8
Let q(v) = 13*v. Calculate q(1).
13
Let u(m) = -m**3 + 16*m**2 + 41*m - 75. Calculate u(18).
15
Let k(v) = 16*v - 184. Give k(12).
8
Let w(o) = -4*o**2 - 2*o. Calculate w(-1).
-2
Let h(n) = 9*n + 4. Give h(-4).
-32
Let s(b) = -2*b**2 - 12*b - 22. What is s(-7)?
-36
Let s(u) = 4*u - 16. Give s(7).
12
Let m(w) = w**3 - 5*w**2 + 7*w - 18. Give m(5).
17
Let p(t) = t**3 + 5*t**2 + 6*t + 5. Calculate p(-4).
-3
Let a(p) = p**2 - 7*p + 4. What is a(6)?
-2
Let o(f) = -f**2 - 8*f - 4. Calculate o(-7).
3
Let i(o) = 2*o**3 - 7*o**2 - 4*o + 6. Calculate i(4).
6
Let q(b) = -b**3 + 5*b**2 + 11*b - 16. What is q(7)?
-37
Let o(d) = -5*d**2 + 32*d - 53. Determine o(4).
-5
Let p(j) = j**3 + 4*j**2 - j - 3. Calculate p(-4).
1
Let l(y) = -y**3 + y**2 + 11*y - 7. Calculate l(4).
-11
Let x(w) = 23*w**3 + 3*w**2 - 3*w + 2. What is x(1)?
25
Let x(r) = r**3 - 24*r**2 - 53*r + 39. Give x(26).
13
Let q(j) = -j - 9. Give q(-10).
1
Let w(j) = j**3 - 13*j**2 + 16*j - 11. Give w(12).
37
Let l(p) = -2*p**2 - 12*p - 10. Determine l(-4).
6
Let f(t) = -t**2 + 9*t - 21. Determine f(6).
-3
Let m(c) = c**2 + 10*c - 12. Calculate m(-11).
-1
Let u(n) = 5*n**2 + 2*n - 4. Determine u(-3).
35
Let z(c) = -c**3 - 6*c**2 + 2*c + 3. Calculate z(-6).
-9
Let b(j) = 6*j - 16. Calculate b(-4).
-40
Let k(y) = -y**2 + 13*y + 1. Determine k(16).
-47
Let o(f) = -f**3 - 7*f**2 + 28*f - 23. What is o(-10)?
-3
Let j(b) = 20*b**2 + 3*b - 2. Determine j(1).
21
Let q(r) = 2*r + 32. Calculate q(-15).
2
Let y(s) = s - 10. Calculate y(-6).
-16
Let n(u) = u**3 - u**2 - 24*u - 31. Determine n(6).
5
Let z(p) = p**2 + 3*p - 22. What is z(3)?
-4
Let g(p) = -p**3 - 3*p**2 + p - 5. Give g(-4).
7
Let k(n) = 51*n. What is k(-1)?
-51
Let y(r) = 135*r + 1076. Give y(-8).
-4
Let r(a) = 13*a - 3. Determine r(2).
23
Let v(q) = q + 13. What is v(-5)?
8
Let q(n) = -n**3 - 8*n**2 - 7*n + 3. Calculate q(-7).
3
Let z(m) = -m**2 - 21*m - 31. Give z(-15).
59
Let n(w) = w**2 + 2*w + 8. Determine n(0).
8
Let w(d) = d**3 - 11*d**2 - 3*d - 3. Calculate w(11).
-36
Let n(z) = z**3 + 10*z**2 - 4*z - 11. Calculate n(-6).
157
Let s(d) = -d**2 + 10*d - 10. What is s(9)?
-1
Let j(q) = q**2 + 3*q + 2. Calculate j(-5).
12
Let c(a) = -2*a**2 + 7*a - 1. Determine c(6).
-31
Let n(j) = -13*j**3 - 2*j - 1. Determine n(2).
-109
Let i(o) = -o**3 + 13*o**2 - 14*o + 16. Calculate i(12).
-8
Let d(k) = k**2 - 13*k - 6. Give d(12).
-18
Let q(b) = -b**3 + 18*b**2 - 16*b + 5. Determine q(17).
22
Let d(i) = -2*i**2 - 5*i + 3. Give d(-4).
-9
Let t(v) = v**3 + 7*v**2 + 9*v - 4. Give t(-5).
1
Let v(x) = 54*x**2 - x + 1. What is v(1)?
54
Let b(h) = h**2 - 20*h + 27. Determine b(18).
-9
Let c(o) = o**3 - 8*o**2 + 17*o + 1. Calculate c(5).
11
Let k(v) = v**3 - 17*v**2 - 15*v + 22. Give k(18).
76
Let r(m) = -m**2 - 4*m - 5. What is r(-4)?
-5
Let b(u) = u**2 + 7*u + 2. What is b(-6)?
-4
Let f(s) = -s**3 - 5*s**2 + s + 12. What is f(-4)?
-8
Let n(g) = -g + 3. Calculate n(-4).
7
Let w(b) = -b**3 - 36*b**2 - 37*b - 78. Calculate w(-35).
-8
Let g(h) = -h**3 + 15*h**2 + 36*h - 19. Give g(17).
15
Let s(y) = y**3 - 14*y**2 - 4*y + 56. Determine s(14).
0
Let c(g) = 4*g**2 + 25*g + 13. Give c(-6).
7
Let i(h) = h**3 - 17*h**2 + 69*h + 16. Give i(9).
-11
Let s(d) = 36*d + 2. Give s(-1).
-34
Let h(i) = -13*i - 300. Give h(-25).
25
Let i(m) = -4*m**3 - 2*m - 2. What is i(-1)?
4
Let h(f) = -12*f - 185. Give h(-15).
-5
Let b(i) = -i**2 + 22*i - 65. Calculate b(18).
7
Let c(f) = -f**2 - 19*f - 31. Determine c(-18).
-13
Let k(o) = -o**2 + o - 25. Determine k(0).
-25
Let s(i) = -i**2 - 16*i - 20. Determine s(-14).
8
Let n(z) = -3*z**2 - z - 13. Calculate n(-5).
-83
Let y(f) = f**3 - 6*f**2 - 2*f + 7. What is y(6)?
-5
Let w(p) = -4*p - 4. Determine w(-5).
16
Let s(d) = 4*d - 1. Give s(-3).
-13
Let a(k) = -2*k**3 + k**2 + 18*k + 5. Give a(-3).
14
Let d(c) = 6*c - 6. Determine d(2).
6
Let a(f) = -10*f - 60. Calculate a(14).
-200
Let q(l) = 2*l**2 + 21*l + 42. Give q(-6).
-12
Let r(b) = -b**2 - 15*b + 34. What is r(-14)?
48
Let h(x) = 9*x - 2. What is h(5)?
43
Let w(q) = q**3 + q**2 - 3*q + 30. Give w(0).
30
Let y(n) = -n**2 + 15*n - 29. Give y(13).
-3
Let o(c) = 5*c**3 - 14*c**2 - c - 6. Determine o(3).
0
Let a(f) = -7*f**3 - 4*f + 5. Determine a(1).
-6
Let j(o) = -o**3 - 7*o**2 + 3*o - 9. Give j(-8).
31
Let y(j) = -j + 12. Give y(5).
7
Let p(y) = -40*y + 243. What is p(6)?
3
Let d(i) = 14*i + 105. Determine d(-8).
-7
Let b(t) = t**2 - 7*t - 50. Determine b(10).
-20
Let d(t) = 6*t - 1. Give d(-1).
-7
Let j(b) = 9*b + 1. Calculat